se 6?
-55041220
-4004443 (base 5) to base 4
-33122103
What is 11715101 (base 8) in base 9?
4785180
What is -12897a (base 16) in base 15?
-18ee47
What is -1d26d0 (base 16) in base 3?
-10121001200112
Convert -109b539 (base 13) to base 6.
-301300222
-11166013 (base 7) to base 12
-3abb21
Convert 602131 (base 9) to base 5.
42341421
What is -22240240 (base 5) in base 14?
-5178c
What is 1014a2 (base 11) in base 10?
162978
What is 62365 (base 8) in base 5?
1311340
355842 (base 10) to base 11
223393
-1001110000000110100 (base 2) to base 6
-10503204
Convert 255400 (base 8) to base 13.
31583
120200021220210 (base 3) to base 11
4780796
Convert 33141250 (base 6) to base 7.
11304126
What is -2b24c (base 13) in base 11?
-56415
Convert 111590 (base 16) to base 4.
10101112100
What is -5287647 (base 9) in base 15?
-3ae7ed
Convert 236116 (base 9) to base 5.
14023001
Convert 632361 (base 9) to base 11.
237326
Convert -3440402 (base 5) to base 10.
-61977
Convert -12553000 (base 7) to base 14.
-221370
What is 1010321 (base 5) in base 3?
211102001
Convert -54514310 (base 7) to base 13.
-c79634
-11010110010100100110011 (base 2) to base 14
-d0b519
-ac064 (base 13) to base 10
-312056
Convert f9d06 (base 16) to base 6.
33533114
Convert -62806 (base 11) to base 6.
-1543310
What is 6560363 (base 7) in base 2?
11000100011010101111
Convert 316788 (base 9) to base 6.
4013425
What is c0341 (base 13) in base 5?
41441132
11300403 (base 5) to base 2
11001001100111100
What is 271e1 (base 15) in base 7?
1031224
-47a86 (base 13) to base 7
-1055105
What is -38634 (base 13) in base 8?
-313574
Convert -100249 (base 11) to base 16.
-27642
What is 2aca830 (base 13) in base 4?
310120230201
Convert 71162 (base 15) to base 2.
1010111011010110011
Convert -7035428 (base 9) to base 4.
-32102000111
What is 11100111111111001 (base 2) in base 9?
200834
What is -1110101010110010101 (base 2) in base 10?
-480661
-971d (base 15) to base 10
-31978
What is 3841304 (base 9) in base 15?
2b565a
What is -6179a (base 14) in base 3?
-102221000101
What is -10100010100111110011111 (base 2) in base 16?
-514f9f
Convert -2a5736 (base 15) to base 4.
-13302321231
What is 11132305 (base 6) in base 4?
1102231301
-163560 (base 10) to base 9
-268323
4153d (base 15) to base 12
9b9aa
What is 1020011000020 (base 3) in base 14?
12dac5
-101718 (base 9) to base 4
-32233022
Convert -965b37 (base 12) to base 9.
-4417667
What is -12cc8 (base 15) in base 10?
-60263
-1197749 (base 11) to base 10
-2074598
3331022 (base 4) to base 12
9462
-63dc87 (base 15) to base 3
-22221120101201
What is -40b129 (base 14) in base 3?
-11002211202012
-102012210020 (base 4) to base 10
-4745480
Convert -23cb56 (base 13) to base 15.
-11dbe3
274be (base 16) to base 3
22011210102
What is 4530151 (base 10) in base 7?
53335303
-39813 (base 15) to base 16
-2cf04
Convert a2116 (base 12) to base 7.
1536045
-10145241 (base 6) to base 7
-2333233
What is -203203134 (base 5) in base 14?
-17a322
Convert -4a7916 (base 14) to base 9.
-4725707
Convert 5ac3cc (base 16) to base 2.
10110101100001111001100
Convert 221031230 (base 5) to base 9.
1715242
What is -34236b7 (base 12) in base 4?
-212021220223
Convert 1b646 (base 15) to base 2.
10101110001001110
What is -1010101101100100101101 (base 2) in base 5?
-1204324414
Convert -44515134 (base 6) to base 13.
-38255b
What is -83ab95 (base 13) in base 15?
-40c8bd
What is -426360 (base 7) in base 9?
-122800
-30113131 (base 4) to base 10
-50653
-11281151 (base 9) to base 12
-1a06824
What is 27b96b (base 14) in base 4?
11100011123
What is -1034612 (base 7) in base 14?
-34179
-1668570 (base 10) to base 15
-22e5d0
-34850 (base 9) to base 2
-101101011111100
Convert 11613 (base 10) to base 13.
5394
What is 28148 (base 15) in base 8?
373037
What is -137352 (base 9) in base 6?
-1445245
Convert 886282 (base 9) to base 7.
4333463
-10a31a (base 15) to base 2
-11000001110011100001
Convert -54476453 (base 8) to base 13.
-256738c
What is -2361141 (base 9) in base 12?
-518a6a
-51297 (base 10) to base 3
-2121100220
Convert 1a2021 (base 15) to base 3.
2101122102011
Convert 1000233440 (base 5) to base 16.
1def11
15460605 (base 8) to base 6
204215325
Convert 132144 (base 12) to base 16.
4cd44
-76c8a0 (base 13) to base 15
-3a41ad
-10300212 (base 5) to base 13
-30b12
Convert 2161612 (base 8) to base 10.
582538
What is -1d989e (base 15) in base 3?
-2201122210012
-39bc4 (base 13) to base 6
-2145323
What is 26bb8 (base 14) in base 10?
95614
Convert -2d40ec (base 15) to base 4.
-20112310011
Convert 45118 (base 10) to base 4.
23000332
-670151 (base 11) to base 9
-2008314
What is 12135241 (base 6) in base 9?
647547
1135702 (base 8) to base 7
2431255
-3ea45 (base 15) to base 4
-301023200
What is 428160 (base 9) in base 3?
110222012000
-2444402 (base 9) to base 7
-14202236
Convert -38a300 (base 11) to base 2.
-10010101111001000010
Convert 55a80 (base 11) to base 3.
11010022212
Convert 2189885 (base 11) to base 13.
a43354
2706417 (base 8) to base 12
3060bb
What is -ab8b1 (base 12) in base 3?
-102120021121
Convert -1010000110100101 (base 2) to base 7.
-231434
What is 30100002331 (base 4) in base 14?
5d84d7
What is 2551811 (base 9) in base 4?
11103322333
What is -49740 (base 16) in base 13?
-a6c35
What is -1028470 (base 9) in base 11?
-3468a1
54005440 (base 6) to base 12
646880
45a18 (base 12) to base 10
93044
What is -9908241 (base 11) in base 13?
-37b4bb4
Convert 1b404 (base 16) to base 3.
12200010002
Convert -d6454 (base 15) to base 7.
-5526424
What is -82205 (base 15) in base 9?
-687385
What is 50132 (base 8) in base 12?
baa2
Convert 121001021220 (base 3) to base 13.
b0a09
What is -72508b (base 13) in base 6?
-133100253
Convert 1bca9 (base 13) to base 5.
3224040
-2991c (base 13) to base 8
-231151
Convert 187472 (base 15) to base 3.
2020102000022
What is -101101002110 (base 3) in base 13?
-71c28
Convert -10122204 (base 5) to base 8.
-241564
What is -891004 (base 14) in base 6?
-243404444
22000021010202 (base 3) to base 12
1513478
What is -68a87d (base 14) in base 3?
-20201001001110
17ce7e (base 15) to base 6
40450515
-116012 (base 8) to base 9
-60714
Convert -5377355 (base 8) to base 6.
-50521405
Convert -10000011101101010100 (base 2) to base 7.
-4404550
Convert 11101454 (base 6) to base 15.
692c7
-105285 (base 10) to base 16
-19b45
Convert -6605 (base 9) to base 12.
-2995
-26d6c (base 14) to base 11
-66099
Convert 20310322210 (base 4) to base 10.
2313892
Convert 11012221210112 (base 3) to base 5.
1033233420
Convert 34404003 (base 5) to base 6.
10350342
Convert -1776c (base 15) to base 16.
-12897
Convert -97883 (base 10) to base 2.
-10111111001011011
What is 20501033 (base 6) in base 14?
11840d
What is 117650 (base 10) in base 5?
12231100
Convert -1031210121 (base 4) to base 14.
-83b05
What is -33367 (base 14) in base 6?
-2354451
Convert -144757 (base 12) to base 13.
-bb858
1100100100011110110 (base 2) to base 7
3333600
What is -2950444 (base 11) in base 7?
-61030415
9776dd (base 15) to base 12
24ba891
Convert 149a3a5 (base 12) to base 7.
50402264
Convert -627616 (base 10) to base 13.
-18c892
Convert 22200110120 (base 3) to base 5.
20432200
What is -1220120221210 (base 3) in base 12?
-40b7a0
Convert -7446c (base 16) to base 10.
-476268
What is 2d1536 (base 15) in base 5?
1024301201
What is -18b91a (base 15) in base 9?
-2233857
What is -337360 (base 12) in base 16?
-c8838
203031131 (base 4) to base 15
2caeb
1431244 (base 6) to base 12
3b524
-73159 (base 13) to base 5
-23104021
Convert -12c7a5 (base 13) to base 6.
-13435321
-b25a3 (base 14) to base 11
-273500
Convert -250489 (base 10) to base 13.
-8a025
Convert -11211020111 (base 4) to base 11.
-90a033
-30203102332 (base 4) to base 8
-14432276
-37657 (base 15) to base 11
-110a28
Convert -2230030000 (base 4) to base 12.
-2a0194
477259 (base 13) to base 4
12133100122
1132ad0 (base 15) to base 2
101110111101101000011110
Convert 222222221011 (base 3) to base 5.
114001031
What is -101022022201 (base 3) in base 7?
-1503352
-206b94 (base 13) to base 16
-b8ff4
Convert -24577 (base 13) to base 2.
-10000010100100101
-5067627 (base 10) to base 13
-10857c6
Convert 2caa82 (base 13) to base 8.
4166134
What is -564866 (base 12) in base 14?
-27ba10
Convert -10001000010110111001 (base 2) to base 7.
-4514225
Convert -